81?
False
Is 88 a factor of 306014456?
True
Is 1581666882 a multiple of 1932?
False
Does 45 divide 25120566?
False
Is 14081152 a multiple of 16?
True
Is 1042652126 a multiple of 17?
True
Is 2989475794 a multiple of 76?
False
Does 27 divide 629155788?
False
Does 23 divide 65618310?
True
Is 384 a factor of 11495040?
True
Does 3028 divide 502896296?
True
Is 379804 a multiple of 66?
False
Is 5 a factor of 680221120?
True
Does 287 divide 203728042?
False
Is 330 a factor of 38570671?
False
Does 682 divide 200581656?
True
Does 211 divide 94985653?
False
Is 25 a factor of 20928758?
False
Is 128 a factor of 55687424?
True
Does 5 divide 100934095?
True
Is 702734662 a multiple of 200?
False
Does 5 divide 39862294?
False
Does 304 divide 168395792?
False
Does 223 divide 1524462683?
False
Is 1107953196 a multiple of 1393?
True
Is 1928955365 a multiple of 11?
False
Is 861260 a multiple of 20?
True
Is 6481652644 a multiple of 172?
True
Is 61329719 a multiple of 300?
False
Does 12 divide 664352052?
True
Does 698 divide 8901594?
True
Is 138808452 a multiple of 4?
True
Is 92 a factor of 182449225?
False
Does 1151 divide 49088377?
False
Does 13 divide 64256238?
False
Is 13682792 a multiple of 49?
False
Does 1396 divide 401548630?
False
Is 314933976 a multiple of 2499?
True
Is 1448323590 a multiple of 5530?
True
Is 2958281455 a multiple of 66?
False
Is 52257920 a multiple of 1408?
True
Does 1278 divide 679239762?
False
Does 13 divide 4286732?
False
Does 14 divide 253620285?
False
Is 42997531 a multiple of 297?
False
Is 2 a factor of 4232116?
True
Does 25 divide 422545025?
True
Is 44 a factor of 1136700164?
False
Is 48873562 a multiple of 59?
False
Is 4937 a factor of 484082724?
True
Does 275 divide 32080675?
True
Does 257 divide 541830530?
True
Does 244 divide 811119440?
True
Is 739 a factor of 17479724?
False
Does 19 divide 1088218993?
False
Is 4478100 a multiple of 230?
True
Does 641 divide 408958889?
False
Does 4 divide 299454903?
False
Is 597 a factor of 20965687?
False
Does 32 divide 13042630?
False
Is 1362075596 a multiple of 251?
True
Does 46 divide 212242068?
True
Is 1370093338 a multiple of 379?
True
Is 664 a factor of 8460958?
False
Does 18 divide 1219615096?
False
Does 91 divide 25378990?
True
Is 217 a factor of 111185178?
False
Is 1015555864 a multiple of 5752?
True
Is 4012691 even?
False
Is 42395908 a multiple of 502?
True
Does 1461 divide 534980214?
True
Is 175 a factor of 54837475?
True
Is 515 a factor of 61832960?
True
Does 1090 divide 113223194?
False
Is 56 a factor of 7306152?
True
Is 68415828 a multiple of 52?
True
Does 20 divide 234631122?
False
Does 726 divide 51474171?
False
Does 25 divide 242943450?
True
Is 25913916 a multiple of 789?
True
Is 103488829 a multiple of 23?
False
Is 3364 a factor of 1667184944?
True
Is 338451512 a multiple of 9?
False
Is 1522 a factor of 72704843?
False
Is 11193140 a multiple of 20?
True
Does 255 divide 118963391?
False
Does 215 divide 40722093?
False
Does 97 divide 142953126?
False
Does 35 divide 195003188?
False
Is 246688384 a multiple of 58?
True
Does 19 divide 910138643?
False
Is 456 a factor of 1781275398?
False
Is 81 a factor of 1127826134?
False
Does 3624 divide 290200088?
False
Is 34988399 a multiple of 17?
False
Does 17 divide 24715757?
False
Is 3 a factor of 26598102?
True
Does 166 divide 186201767?
False
Is 731325808 a multiple of 16?
True
Does 11257 divide 692778294?
True
Is 3404 a factor of 297242491?
False
Is 66 a factor of 25757226?
True
Is 2022 a factor of 249164128?
False
Is 71 a factor of 2303601177?
True
Is 19479071 a multiple of 768?
False
Is 981938 even?
True
Does 1744 divide 70546544?
True
Does 2688 divide 55386240?
True
Is 1580451046 a multiple of 32?
False
Is 70257474 a multiple of 7?
True
Is 651846855 a multiple of 152?
False
Does 31 divide 322533331?
True
Is 2781406 a multiple of 14?
False
Is 2 a factor of 30502863?
False
Is 1168722416 a multiple of 304?
False
Does 246 divide 261944736?
True
Does 499 divide 127731987?
False
Does 18 divide 381974238?
True
Does 9 divide 7083772?
False
Is 63 a factor of 270000738?
True
Does 70 divide 47311130?
False
Is 24630171 a multiple of 69?
True
Does 40 divide 60918443?
False
Does 14 divide 578880000?
False
Is 13887413 a multiple of 787?
False
Is 11962819 a multiple of 29?
True
Does 5142 divide 1246282848?
False
Is 12029 a factor of 1810809573?
True
Does 151 divide 107283990?
True
Is 67045275 a multiple of 8?
False
Is 254056027 a multiple of 8?
False
Does 2483 divide 185991598?
True
Is 750 a factor of 159576750?
True
Is 3291383760 a multiple of 70?
True
Does 27 divide 11610?
True
Is 244 a factor of 13011770?
False
Is 246 a factor of 654514734?
True
Does 3668 divide 55408808?
True
Is 1679015488 a multiple of 32?
True
Is 699632941 a multiple of 18?
False
Is 440088210 a multiple of 90?
True
Is 330 a factor of 21313217?
False
Does 14 divide 128195816?
True
Is 2029274 a multiple of 225?
False
Does 31 divide 115034571?
False
Is 21 a factor of 145637920?
False
Is 271 a factor of 1928165?
True
Is 19 a factor of 54131209?
True
Does 330 divide 94124580?
True
Does 5294 divide 724190328?
False
Does 12 divide 605892902?
False
Is 818 a factor of 220017460?
True
Does 7751 divide 259968540?
True
Is 1721 a factor of 5150952408?
False
Is 4155 a factor of 443385709?
False
Does 1162 divide 833424241?
False
Is 1218 a factor of 984845568?
True
Is 646350310 a multiple of 1031?
False
Does 5 divide 7062680?
True
Is 24009884 a multiple of 523?
True
Is 5 a factor of 2393989?
False
Is 875762050 a multiple of 415?
True
Is 661534671 a multiple of 7?
True
Does 21 divide 37985325?
True
Is 70762688 a multiple of 304?
True
Is 16 a factor of 2103145856?
True
Is 15824736 a multiple of 3?
True
Is 2511 a factor of 1263679475?
False
Is 149528808 a multiple of 88?
True
Does 155 divide 2341365520?
True
Is 973648180 a multiple of 20?
True
Is 68517901 a multiple of 74?
False
Is 33438116 a multiple of 17?
True
Does 21 divide 178946649?
True
Is 948564387 a multiple of 26?
False
Is 1792189560 a multiple of 84?
True
Does 93 divide 203000782?
False
Does 57 divide 1765635412?
False
Is 156676104 a multiple of 947?
False
Does 3365 divide 1205637919?
False
Does 6890 divide 4110339740?
True
Does 25 divide 141869346?
False
Is 167114434 a multiple of 19?
False
Is 3 a factor of 3891121?
False
Is 28675709 a multiple of 12?
False
Is 226173624 a multiple of 1324?
True
Does 131 divide 419976653?
False
Is 75 a factor of 3501508?
False
Is 33183756 a multiple of 292?
True
Is 253489158 a multiple of 573?
False
Is 250923690 a multiple of 410?
True
Does 1274 divide 222976754?
True
Is 97161479 a multiple of 3?
False
Does 277 divide 1603674603?
True
Does 4 divide 16826?
False
Does 22 divide 12626368?
False
Is 15 a factor of 1384414579?
False
Does 571 divide 1415686010?
True
Is 121877658 a multiple of 7?
True
Is 1504397726 a multiple of 218?
True
Is 285 a factor of 1977166980?
True
Is 9395680 a multiple of 10?
True
Is 65763126 a multiple of 16?
False
Does 92 divide 651705149?
False
Is 1225 a factor of 2332390200?
True
Does 8 divide 2216300848?
True
Is 407565717 a multiple of 7689?
False
Is 10 a factor of 39481100?
True
Is 21569085 a multiple of 57?
True
Does 180 divide 115509960?
True
Does 66 divide 74849874?
True
Is 9 a factor of 1437481791?
True
Does 49 divide 3818374?
True
Is 86720318 a multiple of 117?
False
Is 75575997 a multiple of 41?
True
Is 2247771958 a multiple of 8343?
False
Is 1906 a factor of 2271062037?
False
Is 732 a factor of 857830800?
True
Is 1827 a factor of 39163572?
True
Is 511 a factor of 666400721?
True
Is 32 a factor of 521336064?
True
Is 237616566 a multiple of 66?
True
Is 722974000 a multiple of 250?
True
Does 761 divide 627553372?
False
Does 489 divide 4293420?
True
Does 475 divide 287375?
True
Is 634661174 a multiple of 8561?
True
Is 10332574 a multiple of 82?
True
Does 501 divide 65472183?
True
Does 74 divide 415492262?
False
Is 459 a factor of 2002650507?
True
Is 24385425 a multiple of 75?
True
Is 5730372 a multiple of 2?
True
Does 1202 divide 21309305?
False
Is 498413237 a multiple of 994?
False
Does 21 divide 33207783?
True
Is 2915633601 a multiple of 11?
False
Does 88 divide 41892258?
False
Is 188520534 a multiple of 81?
True
Is 34866920 a multiple of 55?
True
Is 33 a factor of 658